mmon factor of 16330 and 190325?
115
What is the highest common factor of 46403 and 16944671?
947
Calculate the highest common divisor of 57815530 and 10.
10
What is the highest common divisor of 1715 and 9453080?
1715
What is the greatest common divisor of 546886025 and 931?
133
What is the highest common factor of 2263850 and 350?
50
Calculate the highest common factor of 31807551 and 2001.
69
Calculate the highest common factor of 32351551 and 887.
887
What is the highest common factor of 1943 and 160283?
29
Calculate the greatest common factor of 13042988 and 252.
28
What is the greatest common divisor of 84313641 and 249?
249
Calculate the greatest common divisor of 204 and 453331554.
102
Calculate the highest common factor of 21009 and 169905.
141
What is the highest common divisor of 5824 and 1573755456?
5824
What is the greatest common factor of 120 and 7383500?
20
Calculate the highest common factor of 82883670 and 30.
30
What is the highest common divisor of 5 and 3224105?
5
What is the highest common divisor of 1412 and 7391467?
353
Calculate the greatest common factor of 357885 and 27.
27
Calculate the highest common factor of 17120 and 15152.
16
What is the greatest common factor of 35810 and 118520?
10
Calculate the greatest common factor of 187928 and 59722.
26
Calculate the highest common divisor of 108369 and 954.
9
Calculate the greatest common divisor of 363029681 and 1813.
1813
Calculate the highest common divisor of 57636544 and 17248.
1568
What is the highest common divisor of 12554 and 73710811?
6277
What is the greatest common factor of 2365 and 724790?
55
Calculate the greatest common divisor of 196690 and 9424922.
2314
Calculate the highest common divisor of 2323 and 188416.
23
What is the greatest common divisor of 51450 and 231378?
294
What is the highest common factor of 778 and 436268168?
778
Calculate the greatest common factor of 126 and 308852.
2
What is the greatest common divisor of 174921888 and 1712?
1712
Calculate the highest common factor of 1366263 and 3348.
279
What is the highest common factor of 6 and 190513014?
6
What is the highest common factor of 579 and 70684899?
579
Calculate the highest common divisor of 38387847 and 318.
159
What is the greatest common factor of 3627 and 62899?
31
Calculate the greatest common divisor of 77840 and 258392.
8
Calculate the greatest common divisor of 45 and 87109005.
15
What is the highest common divisor of 1815315319 and 6969?
2323
What is the greatest common factor of 12832 and 8024812?
1604
Calculate the highest common factor of 943 and 141369558.
41
Calculate the greatest common factor of 1404923 and 159687.
1613
What is the greatest common factor of 5993909 and 4115?
823
Calculate the greatest common divisor of 9575 and 2659169.
383
What is the highest common divisor of 10981290 and 9320?
2330
What is the highest common factor of 30 and 3498882?
6
Calculate the greatest common factor of 11659338 and 72.
18
What is the highest common divisor of 270 and 1285095?
15
What is the highest common factor of 10510 and 1270?
10
What is the greatest common factor of 408 and 81616932?
204
What is the greatest common divisor of 6231932 and 28?
28
Calculate the highest common divisor of 531 and 249393885.
177
Calculate the highest common factor of 198169569 and 117.
117
Calculate the highest common factor of 109604 and 9434.
106
What is the highest common factor of 3743502 and 321?
321
Calculate the greatest common factor of 5406921 and 252298.
1249
What is the highest common divisor of 2981124 and 243?
243
What is the highest common divisor of 1652 and 59157294?
826
What is the highest common factor of 535624056 and 891?
297
Calculate the greatest common factor of 3288 and 30.
6
What is the greatest common factor of 6696 and 1130787?
837
What is the greatest common factor of 890 and 3030490?
10
Calculate the greatest common factor of 18160265 and 341.
31
Calculate the greatest common factor of 133 and 4610806.
19
Calculate the highest common factor of 15708 and 25604964.
924
What is the highest common factor of 744648 and 117116?
1748
What is the highest common factor of 384221667 and 9918?
1653
Calculate the greatest common factor of 17780 and 91720.
20
Calculate the greatest common factor of 5 and 365431595.
5
Calculate the greatest common divisor of 860 and 707780.
860
What is the greatest common divisor of 10999692 and 9259?
9259
Calculate the greatest common factor of 375 and 558000.
375
What is the greatest common divisor of 4864727 and 42?
7
What is the greatest common divisor of 861624 and 360?
72
Calculate the highest common factor of 5844 and 380892.
12
Calculate the greatest common divisor of 7734238 and 834.
278
What is the greatest common divisor of 39164567 and 9633?
3211
Calculate the highest common divisor of 11476 and 89963233.
2869
What is the highest common factor of 3323955 and 130112?
2033
What is the highest common divisor of 5120400 and 3300?
300
Calculate the greatest common divisor of 129707955 and 65.
65
Calculate the greatest common factor of 307944 and 1647.
9
Calculate the greatest common divisor of 1200860 and 2716.
388
What is the highest common divisor of 383130 and 243122?
946
What is the highest common divisor of 121 and 830861141?
121
What is the highest common factor of 1960266 and 87934?
154
What is the greatest common divisor of 124657 and 12545?
13
Calculate the highest common factor of 62563116 and 6468.
924
What is the highest common factor of 40021342 and 4832?
302
Calculate the highest common factor of 828 and 2379879.
207
What is the highest common factor of 50807 and 25?
1
What is the highest common factor of 21 and 1107821883?
21
Calculate the highest common divisor of 253887997 and 22.
11
Calculate the highest common divisor of 21297 and 345561.
687
What is the highest common factor of 5780 and 268860?
20
Calculate the greatest common factor of 37677 and 5643.
57
What is the highest common divisor of 1559881 and 5394?
29
What is the highest common divisor of 3129 and 2235408?
21
What is the highest common factor of 262 and 5223494?
262
What is the greatest common divisor of 18848 and 33497608?
4712
What is the greatest common factor of 458213 and 1407?
469
Calculate the highest common factor of 98 and 284318.
2
Calculate the greatest common factor of 1043 and 34196096.
149
What is the greatest common factor of 1128 and 64333788?
564
What is the greatest common factor of 19185 and 493963869?
3837
Calculate the highest common divisor of 4990 and 116170.
10
What is the highest common divisor of 2610 and 94174890?
870
What is the greatest common factor of 183769592 and 136?
136
Calculate the highest common divisor of 9374 and 384506.
86
Calculate the greatest common divisor of 24546390 and 15.
15
What is the highest common factor of 146357734 and 1194?
398
What is the greatest common factor of 38 and 268873674?
38
What is the highest common divisor of 10703 and 38272955?
973
Calculate the highest common divisor of 14457 and 103095.
237
Calculate the greatest common divisor of 75394 and 1476739.
1639
Calculate the greatest common factor of 3816 and 785248.
424
Calculate the greatest common divisor of 25966814 and 4296.
358
What is the highest common divisor of 6020 and 645350020?
6020
What is the greatest common divisor of 5334 and 1463259?
21
What is the greatest common divisor of 24836780 and 460?
460
What is the highest common divisor of 25 and 221799550?
25
Calculate the greatest common divisor of 11911840 and 1490.
10
What is the greatest common divisor of 15695505 and 1575?
315
Calculate the greatest common divisor of 375 and 1481715375.
375
Calculate the greatest common factor of 1975 and 25498040.
395
Calculate the highest common divisor of 99384 and 4951626.
606
What is the highest common divisor of 13067 and 676441?
179
What is the greatest common divisor of 80 and 36412?
4
Calculate the highest common divisor of 876 and 5944317.
219
What is the highest common divisor of 86 and 1812743346?
86
What is the greatest common factor of 145299 and 373524?
51
What is the greatest common factor of 121 and 35182587?
11
What is the highest common factor of 98376 and 335028?
12
Calculate the highest common factor of 59800 and 